?
2, 3, 5, 5987
List the prime factors of 120383.
120383
List the prime factors of 6288.
2, 3, 131
What are the prime factors of 16824?
2, 3, 701
List the prime factors of 54555.
3, 5, 3637
List the prime factors of 1658.
2, 829
List the prime factors of 2316.
2, 3, 193
List the prime factors of 15523.
19, 43
List the prime factors of 15424.
2, 241
List the prime factors of 9702.
2, 3, 7, 11
List the prime factors of 114619.
61, 1879
List the prime factors of 10201.
101
List the prime factors of 2759.
31, 89
List the prime factors of 27470.
2, 5, 41, 67
List the prime factors of 1044.
2, 3, 29
What are the prime factors of 45222?
2, 3, 7537
What are the prime factors of 4153?
4153
What are the prime factors of 43470?
2, 3, 5, 7, 23
List the prime factors of 68901.
3, 7, 17, 193
List the prime factors of 7424.
2, 29
List the prime factors of 1541.
23, 67
What are the prime factors of 6624?
2, 3, 23
What are the prime factors of 41193?
3, 23, 199
List the prime factors of 8313.
3, 17, 163
What are the prime factors of 15494?
2, 61, 127
What are the prime factors of 43?
43
List the prime factors of 1079.
13, 83
List the prime factors of 2479.
37, 67
List the prime factors of 18791.
19, 23, 43
List the prime factors of 18212.
2, 29, 157
What are the prime factors of 22291?
22291
List the prime factors of 31976.
2, 7, 571
List the prime factors of 1260.
2, 3, 5, 7
List the prime factors of 6926.
2, 3463
What are the prime factors of 19807?
29, 683
List the prime factors of 18638.
2, 9319
What are the prime factors of 3107?
13, 239
What are the prime factors of 31954?
2, 13, 1229
List the prime factors of 820.
2, 5, 41
What are the prime factors of 37314?
2, 3, 691
What are the prime factors of 4513?
4513
List the prime factors of 8126.
2, 17, 239
List the prime factors of 9664.
2, 151
What are the prime factors of 215?
5, 43
What are the prime factors of 1086?
2, 3, 181
What are the prime factors of 354?
2, 3, 59
List the prime factors of 913.
11, 83
What are the prime factors of 10578?
2, 3, 41, 43
List the prime factors of 30277.
13, 17, 137
What are the prime factors of 55247?
101, 547
What are the prime factors of 722?
2, 19
List the prime factors of 18739.
7, 2677
List the prime factors of 1304.
2, 163
What are the prime factors of 2474?
2, 1237
What are the prime factors of 3374?
2, 7, 241
List the prime factors of 619.
619
What are the prime factors of 47721?
3, 15907
What are the prime factors of 2842?
2, 7, 29
List the prime factors of 149.
149
What are the prime factors of 11986?
2, 13, 461
List the prime factors of 4775.
5, 191
List the prime factors of 415.
5, 83
What are the prime factors of 1095?
3, 5, 73
What are the prime factors of 4285?
5, 857
What are the prime factors of 1372?
2, 7
What are the prime factors of 22725?
3, 5, 101
What are the prime factors of 41125?
5, 7, 47
List the prime factors of 23123.
19, 1217
List the prime factors of 8778.
2, 3, 7, 11, 19
List the prime factors of 10361.
13, 797
What are the prime factors of 36140?
2, 5, 13, 139
What are the prime factors of 5872?
2, 367
What are the prime factors of 1665?
3, 5, 37
List the prime factors of 6972.
2, 3, 7, 83
List the prime factors of 70996.
2, 17749
What are the prime factors of 43626?
2, 3, 11, 661
What are the prime factors of 2528?
2, 79
What are the prime factors of 16819?
11, 139
List the prime factors of 41234.
2, 53, 389
What are the prime factors of 92?
2, 23
List the prime factors of 14.
2, 7
What are the prime factors of 1204?
2, 7, 43
What are the prime factors of 21555?
3, 5, 479
List the prime factors of 14557.
14557
What are the prime factors of 9667?
7, 1381
What are the prime factors of 4597?
4597
What are the prime factors of 585?
3, 5, 13
List the prime factors of 12202.
2, 6101
List the prime factors of 834.
2, 3, 139
List the prime factors of 7402.
2, 3701
List the prime factors of 34994.
2, 17497
What are the prime factors of 1039?
1039
List the prime factors of 20646.
2, 3, 31, 37
What are the prime factors of 665?
5, 7, 19
List the prime factors of 1229.
1229
What are the prime factors of 438?
2, 3, 73
What are the prime factors of 177?
3, 59
What are the prime factors of 2833?
2833
What are the prime factors of 10129?
7, 1447
List the prime factors of 381.
3, 127
What are the prime factors of 1564?
2, 17, 23
What are the prime factors of 578?
2, 17
List the prime factors of 18980.
2, 5, 13, 73
What are the prime factors of 44654?
2, 83, 269
What are the prime factors of 647?
647
What are the prime factors of 4866?
2, 3, 811
What are the prime factors of 1997?
1997
List the prime factors of 7301.
7, 149
List the prime factors of 11242.
2, 7, 11, 73
What are the prime factors of 29516?
2, 47, 157
What are the prime factors of 28482?
2, 3, 47, 101
What are the prime factors of 11196?
2, 3, 311
List the prime factors of 189029.
421, 449
List the prime factors of 716.
2, 179
What are the prime factors of 72443?
7, 79, 131
What are the prime factors of 119434?
2, 7, 19, 449
List the prime factors of 36014.
2, 11, 1637
What are the prime factors of 7199?
23, 313
What are the prime factors of 22789?
13, 1753
List the prime factors of 5136.
2, 3, 107
What are the prime factors of 693?
3, 7, 11
List the prime factors of 4252.
2, 1063
What are the prime factors of 1538?
2, 769
List the prime factors of 21659.
11, 179
List the prime factors of 84774.
2, 3, 71, 199
List the prime factors of 107224.
2, 13, 1031
What are the prime factors of 33540?
2, 3, 5, 13, 43
List the prime factors of 1432.
2, 179
What are the prime factors of 4485?
3, 5, 13, 23
List the prime factors of 57887.
107, 541
What are the prime factors of 66633?
3, 7, 19, 167
List the prime factors of 120.
2, 3, 5
List the prime factors of 1726.
2, 863
What are the prime factors of 1509?
3, 503
List the prime factors of 1157.
13, 89
What are the prime factors of 215?
5, 43
List the prime factors of 958.
2, 479
What are the prime factors of 544?
2, 17
What are the prime factors of 3922?
2, 37, 53
What are the prime factors of 46873?
19, 2467
What are the prime factors of 45046?
2, 101, 223
List the prime factors of 1994.
2, 997
What are the prime factors of 43297?
29, 1493
List the prime factors of 9335.
5, 1867
What are the prime factors of 107902?
2, 53951
What are the prime factors of 805?
5, 7, 23
List the prime factors of 2328.
2, 3, 97
What are the prime factors of 7484?
2, 1871
What are the prime factors of 7712?
2, 241
List the prime factors of 45606.
2, 3, 11, 691
List the prime factors of 4889.
4889
List the prime factors of 85098.
2, 3, 13, 1091
List the prime factors of 125.
5
What are the prime factors of 2271?
3, 757
What are the prime factors of 104371?
29, 59, 61
List the prime factors of 128.
2
List the prime factors of 36793.
36793
List the prime factors of 111713.
7, 15959
List the prime factors of 9304.
2, 1163
List the prime factors of 1008.
2, 3, 7
List the prime factors of 152069.
41, 3709
List the prime factors of 1623.
3, 541
List the prime factors of 11048.
2, 1381
List the prime factors of 7094.
2, 3547
List the prime factors of 351.
3, 13
List the prime factors of 4292.
2, 29, 37
List the prime factors of 13966.
2, 6983
List the prime factors of 84809.
84809
What are the prime factors of 9557?
19, 503
What are the prime factors of 66346?
2, 7, 677
What are the prime factors of 5209?
5209
What are the prime factors of 27563?
43, 641
What are the prime factors of 30443?
7, 4349
List the prime factors of 967.
967
List the prime factors of 1273.
19, 67
What are the prime factors of 9119?
11, 829
List the prime factors of 23837.
11, 197
List the prime factors of 37001.
163, 227
List the prime factors of 11605.
5, 11, 211
What are the prime factors of 2860?
2, 5, 11, 13
List the prime factors of 31.
31
What are the prime factors of 25071?
3, 61, 137
What are the prime factors of 51195?
3, 5, 3413
What are the prime factors of 8600?
2, 5, 43
What are the prime factors of 84792?
2, 3, 3533
What are the prime factors of 919?
919
List the prime factors of 44512.
2, 13, 107
List the prime factors of 132928.
2, 31, 67
What are the prime factors of 21766?
2, 10883
What are the prime factors of 12600?
2, 3, 5, 7
What are the prime factors of 7477?
7477
List the pr